{"id":185,"date":"2024-07-25T08:10:43","date_gmt":"2024-07-25T08:10:43","guid":{"rendered":"https:\/\/almeda.ee\/eriarstid\/?page_id=185"},"modified":"2025-12-18T15:13:42","modified_gmt":"2025-12-18T15:13:42","slug":"tagasiside","status":"publish","type":"page","link":"https:\/\/almeda.ee\/eriarstid\/tagasiside\/","title":{"rendered":"Tagasiside"},"content":{"rendered":"\n<div class=\"wp-block-group\"><div class=\"wp-block-group__inner-container is-layout-constrained wp-block-group-is-layout-constrained\">\n<p>Lugupeetud Patsient,<\/p>\n\n\n\n<p><strong>Tagasisidet on v\u00f5imalik esitada antud lehel oleva vormi kaudu v\u00f5i j\u00e4rgneval viisil:<\/strong><\/p>\n\n\n\n<p>Teie arvamus on meile \u00e4\u00e4rmiselt oluline ja aitab meil pidevalt parendada meie teenuseid. Oleme p\u00fchendunud pakkuma parimat v\u00f5imalikku hooldust ning teie tagasiside on oluline osa sellest protsessist. Jagades oma kogemusi ja ettepanekuid, aitate meil pakkuda veelgi kvaliteetsemat ja patsiendikesksemat teenust.<br>T\u00e4name, et v\u00f5tate aega, et anda meile tagasisidet. <\/p>\n\n\n\n<ul class=\"wp-block-list\">\n<li>elektronposti teel e-posti aadressile info@almeda.ee<\/li>\n\n\n\n<li>postitades vormi \u00fcksustes (registratuurides) asuvatesse tagasiside kirjaga postkastidesse v\u00f5i t\u00f6\u00f6tajale<\/li>\n\n\n\n<li>posti teel aadressile Aasa 4, 20605 Narva<\/li>\n<\/ul>\n\n\n\n<div class=\"wp-block-group\"><div class=\"wp-block-group__inner-container is-layout-constrained wp-block-group-is-layout-constrained\">\n<p><strong>Privaatsus ja konfidentsiaalsus:<\/strong><\/p>\n\n\n\n<p>Teie privaatsus on meile oluline. K\u00f5iki tagasiside vormi kaudu saadetud andmeid k\u00e4sitletakse konfidentsiaalselt ja neid kasutatakse ainult teenuste parandamise eesm\u00e4rgil.<\/p>\n<\/div><\/div>\n\n\n\n<div class=\"wp-block-group\"><div class=\"wp-block-group__inner-container is-layout-constrained wp-block-group-is-layout-constrained\">\n<p><strong>T\u00e4name Teid!<\/strong><\/p>\n\n\n\n<p>Teie tagasiside on meile \u00e4\u00e4rmiselt oluline, sest see aitab meil parandada meie teenuste kvaliteeti ja tagada teie rahulolu. T\u00e4name teid ette teie panuse eest!<\/p>\n\n\n\n<p>Kui teil on lisak\u00fcsimusi, v\u00f5tke palun meiega \u00fchendust. Oleme alati valmis teid aitama ja teie muredele lahendusi leidma.<\/p>\n<\/div><\/div>\n<\/div><\/div>\n\n\n\n<p><br><strong>Tagasiside andimiseks palume t\u00e4ita allolev vorm:<\/strong><\/p>\n\n\n<style id=\"wpforms-css-vars-423-block-3e008693-2fe9-4092-9790-6042a05f5361\">\n\t\t\t\t#wpforms-423.wpforms-block-3e008693-2fe9-4092-9790-6042a05f5361 {\n\t\t\t\t--wpforms-field-size-input-height: 43px;\n--wpforms-field-size-input-spacing: 15px;\n--wpforms-field-size-font-size: 16px;\n--wpforms-field-size-line-height: 19px;\n--wpforms-field-size-padding-h: 14px;\n--wpforms-field-size-checkbox-size: 16px;\n--wpforms-field-size-sublabel-spacing: 5px;\n--wpforms-field-size-icon-size: 1;\n--wpforms-label-size-font-size: 16px;\n--wpforms-label-size-line-height: 19px;\n--wpforms-label-size-sublabel-font-size: 14px;\n--wpforms-label-size-sublabel-line-height: 17px;\n--wpforms-button-size-font-size: 17px;\n--wpforms-button-size-height: 41px;\n--wpforms-button-size-padding-h: 15px;\n--wpforms-button-size-margin-top: 10px;\n\t\t\t}\n\t\t\t<\/style><div class=\"wpforms-container wpforms-container-full wpforms-block wpforms-block-3e008693-2fe9-4092-9790-6042a05f5361 wpforms-render-modern\" id=\"wpforms-423\"><form id=\"wpforms-form-423\" class=\"wpforms-validate wpforms-form wpforms-ajax-form\" data-formid=\"423\" method=\"post\" enctype=\"multipart\/form-data\" action=\"\/eriarstid\/wp-json\/wp\/v2\/pages\/185\" data-token=\"7dd52bfd9261ab26231b93646dd885fa\" data-token-time=\"1775259663\"><noscript class=\"wpforms-error-noscript\">Please enable JavaScript in your browser to complete this form.<\/noscript><div id=\"wpforms-error-noscript\" style=\"display: none;\">Please enable JavaScript in your browser to complete this form.<\/div><div class=\"wpforms-field-container\"><div id=\"wpforms-423-field_8-container\" class=\"wpforms-field wpforms-field-checkbox wpforms-list-inline\" data-field-id=\"8\"><fieldset><legend class=\"wpforms-field-label\">Tagasiside liik <span class=\"wpforms-required-label\" aria-hidden=\"true\">*<\/span><\/legend><ul id=\"wpforms-423-field_8\" class=\"wpforms-field-required\"><li class=\"choice-1 depth-1\"><input type=\"checkbox\" id=\"wpforms-423-field_8_1\" name=\"wpforms[fields][8][]\" value=\"Ettepanek\" aria-errormessage=\"wpforms-423-field_8_1-error\" required ><label class=\"wpforms-field-label-inline\" for=\"wpforms-423-field_8_1\">Ettepanek<\/label><\/li><li class=\"choice-2 depth-1\"><input type=\"checkbox\" id=\"wpforms-423-field_8_2\" name=\"wpforms[fields][8][]\" value=\"T\u00e4nuavaldus\" aria-errormessage=\"wpforms-423-field_8_2-error\" required ><label class=\"wpforms-field-label-inline\" for=\"wpforms-423-field_8_2\">T\u00e4nuavaldus<\/label><\/li><li class=\"choice-3 depth-1\"><input type=\"checkbox\" id=\"wpforms-423-field_8_3\" name=\"wpforms[fields][8][]\" value=\"Kaebus\" aria-errormessage=\"wpforms-423-field_8_3-error\" required ><label class=\"wpforms-field-label-inline\" for=\"wpforms-423-field_8_3\">Kaebus<\/label><\/li><\/ul><\/fieldset><\/div><div id=\"wpforms-423-field_1-container\" class=\"wpforms-field wpforms-field-name\" data-field-id=\"1\"><label class=\"wpforms-field-label\" for=\"wpforms-423-field_1\">Ees- ja perekonnanimi <span class=\"wpforms-required-label\" aria-hidden=\"true\">*<\/span><\/label><input type=\"text\" id=\"wpforms-423-field_1\" class=\"wpforms-field-medium wpforms-field-required\" name=\"wpforms[fields][1]\" aria-errormessage=\"wpforms-423-field_1-error\" required><\/div><div id=\"wpforms-423-field_6-container\" class=\"wpforms-field wpforms-field-textarea\" data-field-id=\"6\"><label class=\"wpforms-field-label\" for=\"wpforms-423-field_6\">S\u00fcndmuse kirjeldus <span class=\"wpforms-required-label\" aria-hidden=\"true\">*<\/span><\/label><textarea id=\"wpforms-423-field_6\" class=\"wpforms-field-medium wpforms-field-required\" name=\"wpforms[fields][6]\" aria-errormessage=\"wpforms-423-field_6-error\" aria-describedby=\"wpforms-423-field_6-description\" required><\/textarea><div id=\"wpforms-423-field_6-description\" class=\"wpforms-field-description\">Palume kirjeldada s\u00fcndmust v\u00f5imalikult t\u00e4pselt ja \u00fcksikasjalikul. Tervishoiuteenuse osutamisega seonduva kaebuse puhul palume t\u00e4psustada patsiendi isikukood.<\/div><\/div><div id=\"wpforms-423-field_9-container\" class=\"wpforms-field wpforms-field-checkbox wpforms-list-inline\" data-field-id=\"9\"><fieldset><legend class=\"wpforms-field-label\">Soovin vastust <span class=\"wpforms-required-label\" aria-hidden=\"true\">*<\/span><\/legend><ul id=\"wpforms-423-field_9\" class=\"wpforms-field-required\"><li class=\"choice-1 depth-1\"><input type=\"checkbox\" id=\"wpforms-423-field_9_1\" name=\"wpforms[fields][9][]\" value=\"Ei soovi\" aria-errormessage=\"wpforms-423-field_9_1-error\" required ><label class=\"wpforms-field-label-inline\" for=\"wpforms-423-field_9_1\">Ei soovi<\/label><\/li><li class=\"choice-2 depth-1\"><input type=\"checkbox\" id=\"wpforms-423-field_9_2\" name=\"wpforms[fields][9][]\" value=\"E-kirja teel\" aria-errormessage=\"wpforms-423-field_9_2-error\" required ><label class=\"wpforms-field-label-inline\" for=\"wpforms-423-field_9_2\">E-kirja teel<\/label><\/li><li class=\"choice-3 depth-1\"><input type=\"checkbox\" id=\"wpforms-423-field_9_3\" name=\"wpforms[fields][9][]\" value=\"Posti teel\" aria-errormessage=\"wpforms-423-field_9_3-error\" required ><label class=\"wpforms-field-label-inline\" for=\"wpforms-423-field_9_3\">Posti teel<\/label><\/li><li class=\"choice-4 depth-1\"><input type=\"checkbox\" id=\"wpforms-423-field_9_4\" name=\"wpforms[fields][9][]\" value=\"Telefoni teel\" aria-errormessage=\"wpforms-423-field_9_4-error\" required ><label class=\"wpforms-field-label-inline\" for=\"wpforms-423-field_9_4\">Telefoni teel<\/label><\/li><\/ul><\/fieldset><\/div><div id=\"wpforms-423-field_2-container\" class=\"wpforms-field wpforms-field-email\" data-field-id=\"2\"><label class=\"wpforms-field-label\" for=\"wpforms-423-field_2\">E-postiaadress <span class=\"wpforms-required-label\" aria-hidden=\"true\">*<\/span><\/label><input type=\"email\" id=\"wpforms-423-field_2\" class=\"wpforms-field-medium wpforms-field-required\" name=\"wpforms[fields][2]\" spellcheck=\"false\" aria-errormessage=\"wpforms-423-field_2-error\" required><\/div><div id=\"wpforms-423-field_13-container\" class=\"wpforms-field wpforms-field-name\" data-field-id=\"13\"><label class=\"wpforms-field-label\" for=\"wpforms-423-field_13\">Postiaadress <span class=\"wpforms-required-label\" aria-hidden=\"true\">*<\/span><\/label><input type=\"text\" id=\"wpforms-423-field_13\" class=\"wpforms-field-medium wpforms-field-required\" name=\"wpforms[fields][13]\" aria-errormessage=\"wpforms-423-field_13-error\" required><\/div><div id=\"wpforms-423-field_15-container\" class=\"wpforms-field wpforms-field-number\" data-field-id=\"15\"><label class=\"wpforms-field-label\" for=\"wpforms-423-field_15\">Telefoninumber <span class=\"wpforms-required-label\" aria-hidden=\"true\">*<\/span><\/label><input type=\"number\" id=\"wpforms-423-field_15\" class=\"wpforms-field-medium wpforms-field-required\" name=\"wpforms[fields][15]\" step=\"any\" aria-errormessage=\"wpforms-423-field_15-error\" required><\/div><\/div><!-- .wpforms-field-container --><div class=\"wpforms-submit-container\" ><input type=\"hidden\" name=\"wpforms[id]\" value=\"423\"><input type=\"hidden\" name=\"page_title\" value=\"\"><input type=\"hidden\" name=\"page_url\" value=\"https:\/\/almeda.ee\/eriarstid\/wp-json\/wp\/v2\/pages\/185\"><input type=\"hidden\" name=\"url_referer\" value=\"\"><button type=\"submit\" name=\"wpforms[submit]\" id=\"wpforms-submit-423\" class=\"wpforms-submit\" data-alt-text=\"Sending...\" data-submit-text=\"Submit\" aria-live=\"assertive\" value=\"wpforms-submit\">Submit<\/button><img loading=\"lazy\" decoding=\"async\" src=\"https:\/\/almeda.ee\/eriarstid\/wp-content\/plugins\/wpforms-lite\/assets\/images\/submit-spin.svg\" class=\"wpforms-submit-spinner\" style=\"display: none;\" width=\"26\" height=\"26\" alt=\"Loading\"><\/div><\/form><\/div>  <!-- .wpforms-container -->","protected":false},"excerpt":{"rendered":"<p>Lugupeetud Patsient, Tagasisidet on v\u00f5imalik esitada antud lehel oleva vormi kaudu v\u00f5i j\u00e4rgneval viisil: Teie arvamus on meile \u00e4\u00e4rmiselt oluline ja aitab meil pidevalt parendada meie teenuseid. Oleme p\u00fchendunud pakkuma parimat v\u00f5imalikku hooldust ning teie tagasiside on oluline osa sellest protsessist. Jagades oma kogemusi ja ettepanekuid, aitate meil pakkuda veelgi &hellip;<\/p>\n","protected":false},"author":2,"featured_media":0,"parent":0,"menu_order":0,"comment_status":"closed","ping_status":"closed","template":"","meta":{"footnotes":""},"class_list":["post-185","page","type-page","status-publish","hentry"],"_links":{"self":[{"href":"https:\/\/almeda.ee\/eriarstid\/wp-json\/wp\/v2\/pages\/185","targetHints":{"allow":["GET"]}}],"collection":[{"href":"https:\/\/almeda.ee\/eriarstid\/wp-json\/wp\/v2\/pages"}],"about":[{"href":"https:\/\/almeda.ee\/eriarstid\/wp-json\/wp\/v2\/types\/page"}],"author":[{"embeddable":true,"href":"https:\/\/almeda.ee\/eriarstid\/wp-json\/wp\/v2\/users\/2"}],"replies":[{"embeddable":true,"href":"https:\/\/almeda.ee\/eriarstid\/wp-json\/wp\/v2\/comments?post=185"}],"version-history":[{"count":21,"href":"https:\/\/almeda.ee\/eriarstid\/wp-json\/wp\/v2\/pages\/185\/revisions"}],"predecessor-version":[{"id":609,"href":"https:\/\/almeda.ee\/eriarstid\/wp-json\/wp\/v2\/pages\/185\/revisions\/609"}],"wp:attachment":[{"href":"https:\/\/almeda.ee\/eriarstid\/wp-json\/wp\/v2\/media?parent=185"}],"curies":[{"name":"wp","href":"https:\/\/api.w.org\/{rel}","templated":true}]}}