{"id":236,"date":"2024-07-25T08:37:12","date_gmt":"2024-07-25T08:37:12","guid":{"rendered":"https:\/\/almeda.ee\/eriarstid\/?page_id=236"},"modified":"2025-09-05T11:28:13","modified_gmt":"2025-09-05T11:28:13","slug":"uldkirurgia","status":"publish","type":"page","link":"https:\/\/almeda.ee\/eriarstid\/uldkirurgia\/","title":{"rendered":"\u00dcldkirurgia"},"content":{"rendered":"\n<p>\u00dcldkirurgia on lai meditsiinivaldkond, mis tegeleb naha ja pehmekoe,&nbsp; seedetrakti, veresoonte, endokriins\u00fcsteemi ning seedetrakti haiguste diagnostika ja (kirurgilise) raviga. <\/p>\n\n\n\n<p>V\u00f5tame patsiente vastu nii perearsti saatekirjaga kui ka ilma. Kliiniku poole v\u00f5ib p\u00f6\u00f6rduda k\u00f5ikv\u00f5imalike ambulatoorsete kirurgiliste probleemide raviks ja diagnoosi saamiseks.<\/p>\n\n\n\n<p>Almeda Kliinikus saab n\u00e4iteks abi j\u00e4rgnevate kirurgilist sekkumist vajavate kaebuste puhul:&nbsp;healoomulised kasvajad, songad, k\u00f5huvalu, jalavalu, erinevad liigesevalud, traumad, m\u00e4danike ravi, sissekasvanud k\u00fc\u00fcs, operatsioonij\u00e4rgne hooldus, haavade ravi, proktoloogia, fleboloogia (varikoos), jalalaba deformatsioonid, liigese blokaadid ehk hoormoons\u00fcstid ja muud s\u00fcstid jne.<\/p>\n\n\n\n<p><br><strong>Pakume \u00fcldkirurgilist abi j\u00e4rgnevates asukohtades:<\/strong><\/p>\n\n\n\n<div class=\"wp-block-columns is-layout-flex wp-container-core-columns-is-layout-9d6595d7 wp-block-columns-is-layout-flex\">\n<div class=\"wp-block-column is-layout-flow wp-block-column-is-layout-flow\">\n<p><strong>Narva Kliinik<\/strong><br><a href=\"https:\/\/g.co\/kgs\/rzgvNCh\" target=\"_blank\" rel=\"noreferrer noopener\">Aasa 4, 20605 Narva<\/a><br>Registratuur: +372 3573530<br>Avatud: E-R 08:00 \u2013 18:00<\/p>\n\n\n\n<div class=\"wp-block-buttons is-layout-flex wp-block-buttons-is-layout-flex\">\n<div class=\"wp-block-button\"><a class=\"wp-block-button__link has-accent-1-background-color has-background wp-element-button\" href=\"https:\/\/veebiregistratuur.ee\/all\/74?specialty=33&amp;region=3&amp;options=expanded\" target=\"_blank\" rel=\"noreferrer noopener\">Broneeri aeg<\/a><\/div>\n<\/div>\n<\/div>\n<\/div>\n\n\n\n<p><\/p>\n","protected":false},"excerpt":{"rendered":"<p>\u00dcldkirurgia on lai meditsiinivaldkond, mis tegeleb naha ja pehmekoe,&nbsp; seedetrakti, veresoonte, endokriins\u00fcsteemi ning seedetrakti haiguste diagnostika ja (kirurgilise) raviga. V\u00f5tame patsiente vastu nii perearsti saatekirjaga kui ka ilma. Kliiniku poole v\u00f5ib p\u00f6\u00f6rduda k\u00f5ikv\u00f5imalike ambulatoorsete kirurgiliste probleemide raviks ja diagnoosi saamiseks. Almeda Kliinikus saab n\u00e4iteks abi j\u00e4rgnevate kirurgilist sekkumist vajavate kaebuste &hellip;<\/p>\n","protected":false},"author":2,"featured_media":0,"parent":0,"menu_order":0,"comment_status":"closed","ping_status":"closed","template":"","meta":{"footnotes":""},"class_list":["post-236","page","type-page","status-publish","hentry"],"_links":{"self":[{"href":"https:\/\/almeda.ee\/eriarstid\/wp-json\/wp\/v2\/pages\/236","targetHints":{"allow":["GET"]}}],"collection":[{"href":"https:\/\/almeda.ee\/eriarstid\/wp-json\/wp\/v2\/pages"}],"about":[{"href":"https:\/\/almeda.ee\/eriarstid\/wp-json\/wp\/v2\/types\/page"}],"author":[{"embeddable":true,"href":"https:\/\/almeda.ee\/eriarstid\/wp-json\/wp\/v2\/users\/2"}],"replies":[{"embeddable":true,"href":"https:\/\/almeda.ee\/eriarstid\/wp-json\/wp\/v2\/comments?post=236"}],"version-history":[{"count":15,"href":"https:\/\/almeda.ee\/eriarstid\/wp-json\/wp\/v2\/pages\/236\/revisions"}],"predecessor-version":[{"id":582,"href":"https:\/\/almeda.ee\/eriarstid\/wp-json\/wp\/v2\/pages\/236\/revisions\/582"}],"wp:attachment":[{"href":"https:\/\/almeda.ee\/eriarstid\/wp-json\/wp\/v2\/media?parent=236"}],"curies":[{"name":"wp","href":"https:\/\/api.w.org\/{rel}","templated":true}]}}