{"id":420,"date":"2024-07-25T11:21:58","date_gmt":"2024-07-25T11:21:58","guid":{"rendered":"https:\/\/almeda.ee\/eriarstid\/?page_id=420"},"modified":"2025-09-05T11:38:07","modified_gmt":"2025-09-05T11:38:07","slug":"taastusravi","status":"publish","type":"page","link":"https:\/\/almeda.ee\/eriarstid\/taastusravi\/","title":{"rendered":"Taastusravi"},"content":{"rendered":"\n<p>Taastusravi tegeleb haigusest v\u00f5i traumast h\u00e4irunud funktsioonide taastamise ja s\u00e4ilitamisega, samuti aitab kohaneda puudega. <br>S\u00f5ltuvalt p\u00f5hjusest aitavad taastumisel Teid meie kogenud taastusravi arstid ja f\u00fcsioterapeudid. <\/p>\n\n\n\n<p><strong>Taastusravi arsti<\/strong>&nbsp;juurde suunatakse patsient saatekirjaga, kes tutvub patsiendi haiguse eellooga, hindab taastusravis funktsioonih\u00e4ireid ja nende raskusastet, koostab raviplaani ja  hindab paranemise prognoose.<\/p>\n\n\n\n<p><strong>F\u00fcsioterapeut<\/strong>&nbsp;on k\u00f5rgharidusega vastava teoreetilise ning praktilise v\u00e4lja\u00f5ppe saanud spetsialist, kes tegeleb liigutuste funktsiooni hindamise ja taastamisega.<\/p>\n\n\n\n<p><br><strong>Pakume taastusravi j\u00e4rgnevates asukohtades:<\/strong><\/p>\n\n\n\n<div class=\"wp-block-columns is-layout-flex wp-container-core-columns-is-layout-9d6595d7 wp-block-columns-is-layout-flex\">\n<div class=\"wp-block-column is-layout-flow wp-block-column-is-layout-flow\">\n<p><strong>Haigla 6, Narva<br><\/strong><a href=\"https:\/\/maps.app.goo.gl\/JpdH87LjJx9GRGeR9\" target=\"_blank\" rel=\"noreferrer noopener\">Haigla 6, 20104 Narva<br><\/a>2. korrus kabinet 209<br>Registratuur: +372 3572277<br>Avatud: E-R 08:00 \u2013 16:00<\/p>\n\n\n\n<div class=\"wp-block-buttons is-layout-flex wp-block-buttons-is-layout-flex\">\n<div class=\"wp-block-button\"><a class=\"wp-block-button__link has-accent-1-background-color has-background wp-element-button\" href=\"https:\/\/veebiregistratuur.ee\/all\/74?specialty=29&amp;options=expanded\" target=\"_blank\" rel=\"noreferrer noopener\">Broneeri aeg<\/a><\/div>\n<\/div>\n<\/div>\n\n\n\n<div class=\"wp-block-column is-layout-flow wp-block-column-is-layout-flow\">\n<p><strong>Sillam\u00e4e Tervisekeskus<\/strong><br><a href=\"https:\/\/maps.app.goo.gl\/g9Fx73QCnhhtFnkq8\" target=\"_blank\" rel=\"noreferrer noopener\">Ivan Pavlovi 12, 40232 Sillam\u00e4e<\/a><br>Registratuur: +372 3573530<br>Avatud: E-R 08:00 \u2013 16:00<\/p>\n\n\n\n<div class=\"wp-block-buttons is-layout-flex wp-block-buttons-is-layout-flex\">\n<div class=\"wp-block-button\"><a class=\"wp-block-button__link has-accent-1-background-color has-background wp-element-button\" href=\"https:\/\/veebiregistratuur.ee\/all\/74?specialty=29&amp;options=expanded\" target=\"_blank\" rel=\"noreferrer noopener\">Broneeri aeg<\/a><\/div>\n<\/div>\n<\/div>\n<\/div>\n","protected":false},"excerpt":{"rendered":"<p>Taastusravi tegeleb haigusest v\u00f5i traumast h\u00e4irunud funktsioonide taastamise ja s\u00e4ilitamisega, samuti aitab kohaneda puudega. S\u00f5ltuvalt p\u00f5hjusest aitavad taastumisel Teid meie kogenud taastusravi arstid ja f\u00fcsioterapeudid. Taastusravi arsti&nbsp;juurde suunatakse patsient saatekirjaga, kes tutvub patsiendi haiguse eellooga, hindab taastusravis funktsioonih\u00e4ireid ja nende raskusastet, koostab raviplaani ja hindab paranemise prognoose. F\u00fcsioterapeut&nbsp;on k\u00f5rgharidusega vastava &hellip;<\/p>\n","protected":false},"author":2,"featured_media":524,"parent":0,"menu_order":0,"comment_status":"closed","ping_status":"closed","template":"","meta":{"footnotes":""},"class_list":["post-420","page","type-page","status-publish","has-post-thumbnail","hentry"],"_links":{"self":[{"href":"https:\/\/almeda.ee\/eriarstid\/wp-json\/wp\/v2\/pages\/420","targetHints":{"allow":["GET"]}}],"collection":[{"href":"https:\/\/almeda.ee\/eriarstid\/wp-json\/wp\/v2\/pages"}],"about":[{"href":"https:\/\/almeda.ee\/eriarstid\/wp-json\/wp\/v2\/types\/page"}],"author":[{"embeddable":true,"href":"https:\/\/almeda.ee\/eriarstid\/wp-json\/wp\/v2\/users\/2"}],"replies":[{"embeddable":true,"href":"https:\/\/almeda.ee\/eriarstid\/wp-json\/wp\/v2\/comments?post=420"}],"version-history":[{"count":5,"href":"https:\/\/almeda.ee\/eriarstid\/wp-json\/wp\/v2\/pages\/420\/revisions"}],"predecessor-version":[{"id":584,"href":"https:\/\/almeda.ee\/eriarstid\/wp-json\/wp\/v2\/pages\/420\/revisions\/584"}],"wp:featuredmedia":[{"embeddable":true,"href":"https:\/\/almeda.ee\/eriarstid\/wp-json\/wp\/v2\/media\/524"}],"wp:attachment":[{"href":"https:\/\/almeda.ee\/eriarstid\/wp-json\/wp\/v2\/media?parent=420"}],"curies":[{"name":"wp","href":"https:\/\/api.w.org\/{rel}","templated":true}]}}